{"id":53,"date":"2022-09-02T01:09:56","date_gmt":"2022-09-01T23:09:56","guid":{"rendered":"https:\/\/dojo-kushanku.fr\/?page_id=53"},"modified":"2023-07-29T19:05:06","modified_gmt":"2023-07-29T17:05:06","slug":"karate-goju-ryu","status":"publish","type":"page","link":"https:\/\/dojo-kushanku.fr\/?page_id=53","title":{"rendered":"Karat\u00e9 G\u014dj\u016b Ry\u016b"},"content":{"rendered":"\t\t<div data-elementor-type=\"wp-page\" data-elementor-id=\"53\" class=\"elementor elementor-53\">\n\t\t\t\t\t\t\t\t\t<section class=\"elementor-section elementor-top-section elementor-element elementor-element-cd70d42 elementor-section-boxed elementor-section-height-default elementor-section-height-default\" data-id=\"cd70d42\" data-element_type=\"section\">\n\t\t\t\t\t\t<div class=\"elementor-container elementor-column-gap-default\">\n\t\t\t\t\t<div class=\"elementor-column elementor-col-100 elementor-top-column elementor-element elementor-element-c945f3d\" data-id=\"c945f3d\" data-element_type=\"column\">\n\t\t\t<div class=\"elementor-widget-wrap elementor-element-populated\">\n\t\t\t\t\t\t\t\t<div class=\"elementor-element elementor-element-b806eba elementor-widget-divider--view-line elementor-widget elementor-widget-divider\" data-id=\"b806eba\" data-element_type=\"widget\" data-widget_type=\"divider.default\">\n\t\t\t\t<div class=\"elementor-widget-container\">\n\t\t\t<style>\/*! elementor - v3.15.0 - 09-08-2023 *\/\n.elementor-widget-divider{--divider-border-style:none;--divider-border-width:1px;--divider-color:#0c0d0e;--divider-icon-size:20px;--divider-element-spacing:10px;--divider-pattern-height:24px;--divider-pattern-size:20px;--divider-pattern-url:none;--divider-pattern-repeat:repeat-x}.elementor-widget-divider .elementor-divider{display:flex}.elementor-widget-divider .elementor-divider__text{font-size:15px;line-height:1;max-width:95%}.elementor-widget-divider .elementor-divider__element{margin:0 var(--divider-element-spacing);flex-shrink:0}.elementor-widget-divider .elementor-icon{font-size:var(--divider-icon-size)}.elementor-widget-divider .elementor-divider-separator{display:flex;margin:0;direction:ltr}.elementor-widget-divider--view-line_icon .elementor-divider-separator,.elementor-widget-divider--view-line_text .elementor-divider-separator{align-items:center}.elementor-widget-divider--view-line_icon .elementor-divider-separator:after,.elementor-widget-divider--view-line_icon .elementor-divider-separator:before,.elementor-widget-divider--view-line_text .elementor-divider-separator:after,.elementor-widget-divider--view-line_text .elementor-divider-separator:before{display:block;content:\"\";border-bottom:0;flex-grow:1;border-top:var(--divider-border-width) var(--divider-border-style) var(--divider-color)}.elementor-widget-divider--element-align-left .elementor-divider .elementor-divider-separator>.elementor-divider__svg:first-of-type{flex-grow:0;flex-shrink:100}.elementor-widget-divider--element-align-left .elementor-divider-separator:before{content:none}.elementor-widget-divider--element-align-left .elementor-divider__element{margin-left:0}.elementor-widget-divider--element-align-right .elementor-divider .elementor-divider-separator>.elementor-divider__svg:last-of-type{flex-grow:0;flex-shrink:100}.elementor-widget-divider--element-align-right .elementor-divider-separator:after{content:none}.elementor-widget-divider--element-align-right .elementor-divider__element{margin-right:0}.elementor-widget-divider:not(.elementor-widget-divider--view-line_text):not(.elementor-widget-divider--view-line_icon) .elementor-divider-separator{border-top:var(--divider-border-width) var(--divider-border-style) var(--divider-color)}.elementor-widget-divider--separator-type-pattern{--divider-border-style:none}.elementor-widget-divider--separator-type-pattern.elementor-widget-divider--view-line .elementor-divider-separator,.elementor-widget-divider--separator-type-pattern:not(.elementor-widget-divider--view-line) .elementor-divider-separator:after,.elementor-widget-divider--separator-type-pattern:not(.elementor-widget-divider--view-line) .elementor-divider-separator:before,.elementor-widget-divider--separator-type-pattern:not([class*=elementor-widget-divider--view]) .elementor-divider-separator{width:100%;min-height:var(--divider-pattern-height);-webkit-mask-size:var(--divider-pattern-size) 100%;mask-size:var(--divider-pattern-size) 100%;-webkit-mask-repeat:var(--divider-pattern-repeat);mask-repeat:var(--divider-pattern-repeat);background-color:var(--divider-color);-webkit-mask-image:var(--divider-pattern-url);mask-image:var(--divider-pattern-url)}.elementor-widget-divider--no-spacing{--divider-pattern-size:auto}.elementor-widget-divider--bg-round{--divider-pattern-repeat:round}.rtl .elementor-widget-divider .elementor-divider__text{direction:rtl}.e-con-inner>.elementor-widget-divider,.e-con>.elementor-widget-divider{width:var(--container-widget-width,100%);--flex-grow:var(--container-widget-flex-grow)}<\/style>\t\t<div class=\"elementor-divider\">\n\t\t\t<span class=\"elementor-divider-separator\">\n\t\t\t\t\t\t<\/span>\n\t\t<\/div>\n\t\t\t\t<\/div>\n\t\t\t\t<\/div>\n\t\t\t\t\t<\/div>\n\t\t<\/div>\n\t\t\t\t\t\t\t<\/div>\n\t\t<\/section>\n\t\t\t\t<section class=\"elementor-section elementor-top-section elementor-element elementor-element-553ca36 elementor-section-boxed elementor-section-height-default elementor-section-height-default\" data-id=\"553ca36\" data-element_type=\"section\">\n\t\t\t\t\t\t<div class=\"elementor-container elementor-column-gap-default\">\n\t\t\t\t\t<div class=\"elementor-column elementor-col-100 elementor-top-column elementor-element elementor-element-6334eb6\" data-id=\"6334eb6\" data-element_type=\"column\">\n\t\t\t<div class=\"elementor-widget-wrap elementor-element-populated\">\n\t\t\t\t\t\t\t\t<div class=\"elementor-element elementor-element-38bda52 elementor-widget elementor-widget-text-editor\" data-id=\"38bda52\" data-element_type=\"widget\" data-widget_type=\"text-editor.default\">\n\t\t\t\t<div class=\"elementor-widget-container\">\n\t\t\t<style>\/*! elementor - v3.15.0 - 09-08-2023 *\/\n.elementor-widget-text-editor.elementor-drop-cap-view-stacked .elementor-drop-cap{background-color:#69727d;color:#fff}.elementor-widget-text-editor.elementor-drop-cap-view-framed .elementor-drop-cap{color:#69727d;border:3px solid;background-color:transparent}.elementor-widget-text-editor:not(.elementor-drop-cap-view-default) .elementor-drop-cap{margin-top:8px}.elementor-widget-text-editor:not(.elementor-drop-cap-view-default) .elementor-drop-cap-letter{width:1em;height:1em}.elementor-widget-text-editor .elementor-drop-cap{float:left;text-align:center;line-height:1;font-size:50px}.elementor-widget-text-editor .elementor-drop-cap-letter{display:inline-block}<\/style>\t\t\t\t<h1><span style=\"color: #ffffff;\">Les caract\u00e9ristiques de notre style (G\u014dj\u016b-Ryu)<\/span><\/h1>\n<!-- \/wp:paragraph -->\n\t\t\t\t\t\t<\/div>\n\t\t\t\t<\/div>\n\t\t\t\t\t<\/div>\n\t\t<\/div>\n\t\t\t\t\t\t\t<\/div>\n\t\t<\/section>\n\t\t\t\t<section class=\"elementor-section elementor-top-section elementor-element elementor-element-b733e43 elementor-section-boxed elementor-section-height-default elementor-section-height-default\" data-id=\"b733e43\" data-element_type=\"section\">\n\t\t\t\t\t\t<div class=\"elementor-container elementor-column-gap-default\">\n\t\t\t\t\t<div class=\"elementor-column elementor-col-100 elementor-top-column elementor-element elementor-element-82edce3\" data-id=\"82edce3\" data-element_type=\"column\">\n\t\t\t<div class=\"elementor-widget-wrap elementor-element-populated\">\n\t\t\t\t\t\t\t\t<section class=\"elementor-section elementor-inner-section elementor-element elementor-element-286a4b5 elementor-section-boxed elementor-section-height-default elementor-section-height-default\" data-id=\"286a4b5\" data-element_type=\"section\">\n\t\t\t\t\t\t<div class=\"elementor-container elementor-column-gap-default\">\n\t\t\t\t\t<div class=\"elementor-column elementor-col-50 elementor-inner-column elementor-element elementor-element-d689b5f\" data-id=\"d689b5f\" data-element_type=\"column\">\n\t\t\t<div class=\"elementor-widget-wrap elementor-element-populated\">\n\t\t\t\t\t\t\t\t<div class=\"elementor-element elementor-element-61a4ddb elementor-widget elementor-widget-text-editor\" data-id=\"61a4ddb\" data-element_type=\"widget\" data-widget_type=\"text-editor.default\">\n\t\t\t\t<div class=\"elementor-widget-container\">\n\t\t\t\t\t\t\tLe G\u014dj\u016b est rest\u00e9 \u00e0 Okinawa un karat\u00e9 traditionnel qui marie des techniques issues de diff\u00e9rentes \u00e9coles chinoises ainsi que les bases ancestrales d&rsquo;Okinawa.\n<span style=\"color: var( --e-global-color-text ); font-family: var( --e-global-typography-text-font-family ), Sans-serif; font-weight: var( --e-global-typography-text-font-weight ); font-size: 1rem;\"><br><br>\nC\u2019est Ma\u00eetre Chojun MIYAGI, (successeur de Ma\u00eetre Kanryo HIGAONNA) qui choisit le nom G\u014dj\u016b<\/span><strong style=\"color: var( --e-global-color-text ); font-family: var( --e-global-typography-text-font-family ), Sans-serif; font-size: 1rem;\">&#8211;<\/strong><strong style=\"color: var( --e-global-color-text ); font-family: var( --e-global-typography-text-font-family ), Sans-serif; font-size: 1rem;\">Ryu (<\/strong><strong style=\"color: var( --e-global-color-text ); font-family: var( --e-global-typography-text-font-family ), Sans-serif; font-size: 1rem;\">\u00ab\u00a0go\u00a0\u00bb <\/strong><strong style=\"color: var( --e-global-color-text ); font-family: var( --e-global-typography-text-font-family ), Sans-serif; font-size: 1rem;\">\u525b<\/strong><strong style=\"color: var( --e-global-color-text ); font-family: var( --e-global-typography-text-font-family ), Sans-serif; font-size: 1rem;\"> signifiant \u00ab\u00a0dur\u00a0\u00bb et \u00ab\u00a0ju\u00a0\u00bb <\/strong><strong style=\"color: var( --e-global-color-text ); font-family: var( --e-global-typography-text-font-family ), Sans-serif; font-size: 1rem;\">\u67d4<\/strong><strong style=\"color: var( --e-global-color-text ); font-family: var( --e-global-typography-text-font-family ), Sans-serif; font-size: 1rem;\"> signifiant \u00ab\u00a0doux\u00a0\u00bb<\/strong><strong style=\"color: var( --e-global-color-text ); font-family: var( --e-global-typography-text-font-family ), Sans-serif; font-size: 1rem;\">)<\/strong><strong style=\"color: var( --e-global-color-text ); font-family: var( --e-global-typography-text-font-family ), Sans-serif; font-size: 1rem;\">,<\/strong><span style=\"color: var( --e-global-color-text ); font-family: var( --e-global-typography-text-font-family ), Sans-serif; font-weight: var( --e-global-typography-text-font-weight ); font-size: 1rem;\"> pour souligner que son style int\u00e9grait \u00e0 la fois les styles \u00ab\u00a0dur\u00a0\u00bb et \u00ab\u00a0doux\u00a0\u00bb.<\/span>\n<span style=\"color: var( --e-global-color-text ); font-family: var( --e-global-typography-text-font-family ), Sans-serif; font-weight: var( --e-global-typography-text-font-weight ); font-size: 1rem;\"><br>G\u014dj\u016b s&rsquo;applique non seulement au karat\u00e9, mais \u00e0 la vie en g\u00e9n\u00e9ral ; seule la duret\u00e9 ou seule la douceur ne permettra pas \u00e0 une personne de \u00ab faire face efficacement aux fluctuations de la vie \u00bb.\u00a0<\/span><span style=\"color: var( --e-global-color-text ); font-family: var( --e-global-typography-text-font-family ), Sans-serif; font-weight: var( --e-global-typography-text-font-weight ); font-size: 1rem;\">Lors du blocage, \u00ab le corps est mou et inspire \u00bb ; lors de la frappe, le corps est \u00ab\u00a0dur et expirant\u00a0\u00bb, <\/span><u style=\"color: var( --e-global-color-text ); font-family: var( --e-global-typography-text-font-family ), Sans-serif; font-weight: var( --e-global-typography-text-font-weight ); font-size: 1rem;\">ce concept est la caract\u00e9ristique principale de ce style<\/u><span style=\"color: var( --e-global-color-text ); font-family: var( --e-global-typography-text-font-family ), Sans-serif; font-weight: var( --e-global-typography-text-font-weight ); font-size: 1rem;\">.<\/span>\n<span style=\"color: var( --e-global-color-text ); font-family: var( --e-global-typography-text-font-family ), Sans-serif; font-weight: var( --e-global-typography-text-font-weight ); font-size: 1rem;\">\n<br><br>\nLe G\u014dj\u016b-Ryu est un syst\u00e8me de d\u00e9fense bas\u00e9 sur une synth\u00e8se de techniques lin\u00e9aires dures avec des mouvements circulaires plus doux.<\/span>\n\n<span style=\"color: var( --e-global-color-text ); font-family: var( --e-global-typography-text-font-family ), Sans-serif; font-weight: var( --e-global-typography-text-font-weight ); font-size: 1rem;\">L&rsquo;utilisation de techniques de blocage circulaires et de mouvements corporels \u00e9vasifs non seulement d\u00e9tournent et\/ou absorbent l&rsquo;\u00e9nergie d&rsquo;un adversaire, mais servent \u00e0 contracter le corps comme un ressort, puis \u00e0 d\u00e9clencher les contre-attaques explosives de ce style de karat\u00e9.<\/span>\t\t\t\t\t\t<\/div>\n\t\t\t\t<\/div>\n\t\t\t\t\t<\/div>\n\t\t<\/div>\n\t\t\t\t<div class=\"elementor-column elementor-col-50 elementor-inner-column elementor-element elementor-element-60bd9c6\" data-id=\"60bd9c6\" data-element_type=\"column\">\n\t\t\t<div class=\"elementor-widget-wrap elementor-element-populated\">\n\t\t\t\t\t\t\t\t<div class=\"elementor-element elementor-element-fafae4a elementor-widget elementor-widget-text-editor\" data-id=\"fafae4a\" data-element_type=\"widget\" data-widget_type=\"text-editor.default\">\n\t\t\t\t<div class=\"elementor-widget-container\">\n\t\t\t\t\t\t\t<p>Le travail <strong><u>Muchimi<\/u><\/strong> <strong>(\u00ab <\/strong><strong>dense et collant<\/strong><strong> \u00bb<\/strong><strong> en r\u00e9f\u00e9rence au riz gluant qui l<\/strong>orsque vous le touchez, se colle \u00e0 vous et lorsque vous le repoussez, se colle \u00e0 vous \u00e9galement<strong>)<\/strong>\u00a0apprendra \u00e0 ressentir les mouvements du partenaire.<\/p><p>Autrement dit, gr\u00e2ce au contact corporel, vous pouvez savoir si une personne est d\u00e9tendue ou tendue ; \u00e9quilibr\u00e9 ou non; si votre posture est correcte et stable ou non. Le karat\u00e9ka apprend \u00e0 ressentir l&rsquo;intention d&rsquo;une personne par contact physique.<\/p><p><span style=\"color: var( --e-global-color-text ); font-family: var( --e-global-typography-text-font-family ), Sans-serif; font-weight: var( --e-global-typography-text-font-weight ); font-size: 1rem;\">Une autre caract\u00e9ristique du G\u014dj\u016b-Ryu est <\/span><strong style=\"color: var( --e-global-color-text ); font-family: var( --e-global-typography-text-font-family ), Sans-serif; font-size: 1rem;\">la respiration ou Ibuki (<\/strong><strong style=\"color: var( --e-global-color-text ); font-family: var( --e-global-typography-text-font-family ), Sans-serif; font-size: 1rem;\">\u606f\u5439<\/strong><strong style=\"color: var( --e-global-color-text ); font-family: var( --e-global-typography-text-font-family ), Sans-serif; font-size: 1rem;\">)<\/strong><span style=\"color: var( --e-global-color-text ); font-family: var( --e-global-typography-text-font-family ), Sans-serif; font-weight: var( --e-global-typography-text-font-weight ); font-size: 1rem;\">, des techniques de respiration qui ont \u00e9t\u00e9 d\u00e9velopp\u00e9es de mani\u00e8re \u00e0 mettre l&rsquo;esprit et le corps en harmonie, les unissant \u00e0 tel point qu&rsquo;un pratiquant peut utiliser plus efficacement sa respiration et stimuler les organes internes du corps pour aider \u00e0 atteindre un \u00e9tat de pleine conscience.<\/span><\/p>\t\t\t\t\t\t<\/div>\n\t\t\t\t<\/div>\n\t\t\t\t\t<\/div>\n\t\t<\/div>\n\t\t\t\t\t\t\t<\/div>\n\t\t<\/section>\n\t\t\t\t<div class=\"elementor-element elementor-element-a1205e9 elementor-widget elementor-widget-image\" data-id=\"a1205e9\" data-element_type=\"widget\" data-widget_type=\"image.default\">\n\t\t\t\t<div class=\"elementor-widget-container\">\n\t\t\t<style>\/*! elementor - v3.15.0 - 09-08-2023 *\/\n.elementor-widget-image{text-align:center}.elementor-widget-image a{display:inline-block}.elementor-widget-image a img[src$=\".svg\"]{width:48px}.elementor-widget-image img{vertical-align:middle;display:inline-block}<\/style>\t\t\t\t\t\t\t\t\t\t\t\t<img loading=\"lazy\" decoding=\"async\" width=\"525\" height=\"245\" src=\"https:\/\/dojo-kushanku.fr\/wp-content\/uploads\/2023\/07\/Arth_Antoi2-1024x477.jpg\" class=\"attachment-large size-large wp-image-354\" alt=\"\" srcset=\"https:\/\/dojo-kushanku.fr\/wp-content\/uploads\/2023\/07\/Arth_Antoi2-1024x477.jpg 1024w, https:\/\/dojo-kushanku.fr\/wp-content\/uploads\/2023\/07\/Arth_Antoi2-300x140.jpg 300w, https:\/\/dojo-kushanku.fr\/wp-content\/uploads\/2023\/07\/Arth_Antoi2-768x357.jpg 768w, https:\/\/dojo-kushanku.fr\/wp-content\/uploads\/2023\/07\/Arth_Antoi2.jpg 1500w\" sizes=\"auto, 100vw\" \/>\t\t\t\t\t\t\t\t\t\t\t\t\t\t\t<\/div>\n\t\t\t\t<\/div>\n\t\t\t\t<div class=\"elementor-element elementor-element-b9f68d0 elementor-widget elementor-widget-text-editor\" data-id=\"b9f68d0\" data-element_type=\"widget\" data-widget_type=\"text-editor.default\">\n\t\t\t\t<div class=\"elementor-widget-container\">\n\t\t\t\t\t\t\t<p>Le G\u014dj\u016b-Ryu donne donc une grande importance au travail de l&rsquo;\u00e9nergie interne. Les postures sont stables et puissantes, les coups de pieds bas uniquement (comme \u00ab\u00a0mae-geri\u00a0\u00bb et \u00ab\u00a0kansetsu-geri\u00a0\u00bb), la respiration ventrale sonore, les d\u00e9placements courts.<\/p><p>Il comprend des modes de frappes et des d\u00e9placements souvent circulaires, visant les points vitaux, le tout assorti de nombreuses techniques de projection et de luxation.<\/p>\t\t\t\t\t\t<\/div>\n\t\t\t\t<\/div>\n\t\t\t\t<div class=\"elementor-element elementor-element-a52872d elementor-widget elementor-widget-text-editor\" data-id=\"a52872d\" data-element_type=\"widget\" data-widget_type=\"text-editor.default\">\n\t\t\t\t<div class=\"elementor-widget-container\">\n\t\t\t\t\t\t\t<em>Sources :\n<br>\n<a href=\"http:\/\/www.ogse.eu\/\" target=\"_blank\" rel=\"noopener\">http:\/\/www.ogse.eu\/<\/a>\n<br>\n<a href=\"https:\/\/mundokarate.com\/2020\/11\/13\/el-goju-ryu-y-sus-caracteristicas\/\" target=\"_blank\" rel=\"noopener\">https:\/\/mundokarate.com\/2020\/11\/13\/el-goju-ryu-y-sus-caracteristicas\/<\/a><\/em>\t\t\t\t\t\t<\/div>\n\t\t\t\t<\/div>\n\t\t\t\t\t<\/div>\n\t\t<\/div>\n\t\t\t\t\t\t\t<\/div>\n\t\t<\/section>\n\t\t\t\t<section class=\"elementor-section elementor-top-section elementor-element elementor-element-3115f3d elementor-section-boxed elementor-section-height-default elementor-section-height-default\" data-id=\"3115f3d\" data-element_type=\"section\">\n\t\t\t\t\t\t<div class=\"elementor-container elementor-column-gap-default\">\n\t\t\t\t\t<div class=\"elementor-column elementor-col-100 elementor-top-column elementor-element elementor-element-062b391\" data-id=\"062b391\" data-element_type=\"column\">\n\t\t\t<div class=\"elementor-widget-wrap elementor-element-populated\">\n\t\t\t\t\t\t\t\t<div class=\"elementor-element elementor-element-580689c elementor-widget-divider--view-line elementor-widget elementor-widget-divider\" data-id=\"580689c\" data-element_type=\"widget\" data-widget_type=\"divider.default\">\n\t\t\t\t<div class=\"elementor-widget-container\">\n\t\t\t\t\t<div class=\"elementor-divider\">\n\t\t\t<span class=\"elementor-divider-separator\">\n\t\t\t\t\t\t<\/span>\n\t\t<\/div>\n\t\t\t\t<\/div>\n\t\t\t\t<\/div>\n\t\t\t\t\t<\/div>\n\t\t<\/div>\n\t\t\t\t\t\t\t<\/div>\n\t\t<\/section>\n\t\t\t\t<section class=\"elementor-section elementor-top-section elementor-element elementor-element-f4540dd elementor-section-boxed elementor-section-height-default elementor-section-height-default\" data-id=\"f4540dd\" data-element_type=\"section\">\n\t\t\t\t\t\t<div class=\"elementor-container elementor-column-gap-default\">\n\t\t\t\t\t<div class=\"elementor-column elementor-col-100 elementor-top-column elementor-element elementor-element-e44fe3a\" data-id=\"e44fe3a\" data-element_type=\"column\">\n\t\t\t<div class=\"elementor-widget-wrap elementor-element-populated\">\n\t\t\t\t\t\t\t\t<div class=\"elementor-element elementor-element-96ec3a1 elementor-widget elementor-widget-text-editor\" data-id=\"96ec3a1\" data-element_type=\"widget\" data-widget_type=\"text-editor.default\">\n\t\t\t\t<div class=\"elementor-widget-container\">\n\t\t\t\t\t\t\t<h1><span style=\"color: #ffffff;\">Description et signification du sigle G\u014dj\u016b-Ryu<\/span><\/h1>\n<!-- \/wp:paragraph -->\t\t\t\t\t\t<\/div>\n\t\t\t\t<\/div>\n\t\t\t\t\t<\/div>\n\t\t<\/div>\n\t\t\t\t\t\t\t<\/div>\n\t\t<\/section>\n\t\t\t\t<section class=\"elementor-section elementor-top-section elementor-element elementor-element-72a490f elementor-section-boxed elementor-section-height-default elementor-section-height-default\" data-id=\"72a490f\" data-element_type=\"section\">\n\t\t\t\t\t\t<div class=\"elementor-container elementor-column-gap-default\">\n\t\t\t\t\t<div class=\"elementor-column elementor-col-100 elementor-top-column elementor-element elementor-element-9425a2f\" data-id=\"9425a2f\" data-element_type=\"column\">\n\t\t\t<div class=\"elementor-widget-wrap elementor-element-populated\">\n\t\t\t\t\t\t\t\t<div class=\"elementor-element elementor-element-d1a9888 elementor-widget elementor-widget-image\" data-id=\"d1a9888\" data-element_type=\"widget\" data-widget_type=\"image.default\">\n\t\t\t\t<div class=\"elementor-widget-container\">\n\t\t\t\t\t\t\t\t\t\t\t\t\t\t\t<img loading=\"lazy\" decoding=\"async\" width=\"605\" height=\"401\" src=\"https:\/\/dojo-kushanku.fr\/wp-content\/uploads\/2023\/07\/LogoSignif.jpg\" class=\"attachment-1536x1536 size-1536x1536 wp-image-365\" alt=\"\" srcset=\"https:\/\/dojo-kushanku.fr\/wp-content\/uploads\/2023\/07\/LogoSignif.jpg 605w, https:\/\/dojo-kushanku.fr\/wp-content\/uploads\/2023\/07\/LogoSignif-300x199.jpg 300w\" sizes=\"auto, 100vw\" \/>\t\t\t\t\t\t\t\t\t\t\t\t\t\t\t<\/div>\n\t\t\t\t<\/div>\n\t\t\t\t\t<\/div>\n\t\t<\/div>\n\t\t\t\t\t\t\t<\/div>\n\t\t<\/section>\n\t\t\t\t<section class=\"elementor-section elementor-top-section elementor-element elementor-element-6702e09 elementor-section-boxed elementor-section-height-default elementor-section-height-default\" data-id=\"6702e09\" data-element_type=\"section\">\n\t\t\t\t\t\t<div class=\"elementor-container elementor-column-gap-default\">\n\t\t\t\t\t<div class=\"elementor-column elementor-col-100 elementor-top-column elementor-element elementor-element-7c59d13\" data-id=\"7c59d13\" data-element_type=\"column\">\n\t\t\t<div class=\"elementor-widget-wrap elementor-element-populated\">\n\t\t\t\t\t\t\t\t<div class=\"elementor-element elementor-element-8847516 elementor-widget elementor-widget-text-editor\" data-id=\"8847516\" data-element_type=\"widget\" data-widget_type=\"text-editor.default\">\n\t\t\t\t<div class=\"elementor-widget-container\">\n\t\t\t\t\t\t\t<p class=\"MsoNormal\" style=\"margin-bottom: 15.0pt; line-height: normal;\"><span style=\"font-size: 12.5pt; font-family: 'Open Sans',sans-serif; mso-fareast-font-family: 'Times New Roman'; mso-fareast-language: FR;\">Shodokan : \u00a0Sho =&gt; l\u2019esprit du Samoura\u00ef \u00a0 \u00a0Do =&gt; la voie \u00a0 \u00a0Kan =&gt; La maison<\/span><\/p>\n<p class=\"MsoNormal\" style=\"margin-bottom: 15.0pt; line-height: normal;\"><span style=\"font-size: 12.5pt; font-family: 'Open Sans',sans-serif; mso-fareast-font-family: 'Times New Roman'; mso-fareast-language: FR;\"><b>\u00ab La maison o\u00f9 l\u2019on suit la voie du Samoura\u00ef \u00bb<\/b><\/span><\/p><br>\n<p class=\"MsoNormal\" style=\"margin-bottom: 15.0pt; line-height: normal;\"><span style=\"font-size: 12.5pt; color: #ffffff; font-family: 'Open Sans',sans-serif; mso-fareast-font-family: 'Times New Roman'; mso-fareast-language: FR;\">En r\u00e9sum\u00e9 si on veut traduire \u00ab Goju Ryu shodokan \u00bb on peut dire que c\u2019est :<\/span><\/p>\n<p class=\"MsoNormal\" style=\"margin-bottom: 15.0pt; line-height: normal;\"><b><i><span style=\"font-size: 12.5pt; color: #ffffff; font-family: 'Open Sans',sans-serif; mso-fareast-font-family: 'Times New Roman'; mso-fareast-language: FR;\">\u00ab L\u2019\u00c9COLE DU DUR-SOUPLE ENSEIGN\u00c9 DANS LA MAISON O\u00d9 L\u2019ON SUIT LA VOIE DU SAMOURA\u00cf \u00bb<\/span><\/i><\/b><\/p>\t\t\t\t\t\t<\/div>\n\t\t\t\t<\/div>\n\t\t\t\t\t<\/div>\n\t\t<\/div>\n\t\t\t\t\t\t\t<\/div>\n\t\t<\/section>\n\t\t\t\t\t\t\t<\/div>\n\t\t","protected":false},"excerpt":{"rendered":"<p>Les caract\u00e9ristiques de notre style (G\u014dj\u016b-Ryu) Le G\u014dj\u016b est rest\u00e9 \u00e0 Okinawa un karat\u00e9 traditionnel qui marie des techniques issues de diff\u00e9rentes \u00e9coles chinoises ainsi que les bases ancestrales d&rsquo;Okinawa. C\u2019est Ma\u00eetre Chojun MIYAGI, (successeur de Ma\u00eetre Kanryo HIGAONNA) qui choisit le nom G\u014dj\u016b&#8211;Ryu (\u00ab\u00a0go\u00a0\u00bb \u525b signifiant \u00ab\u00a0dur\u00a0\u00bb et \u00ab\u00a0ju\u00a0\u00bb \u67d4 signifiant \u00ab\u00a0doux\u00a0\u00bb), pour souligner &hellip; <\/p>\n<p class=\"link-more\"><a href=\"https:\/\/dojo-kushanku.fr\/?page_id=53\" class=\"more-link\">Continuer la lecture<span class=\"screen-reader-text\"> de &laquo;&nbsp;Karat\u00e9 G\u014dj\u016b Ry\u016b&nbsp;&raquo;<\/span><\/a><\/p>\n","protected":false},"author":1,"featured_media":108,"parent":0,"menu_order":0,"comment_status":"closed","ping_status":"closed","template":"","meta":{"footnotes":""},"class_list":["post-53","page","type-page","status-publish","has-post-thumbnail","hentry"],"_links":{"self":[{"href":"https:\/\/dojo-kushanku.fr\/index.php?rest_route=\/wp\/v2\/pages\/53","targetHints":{"allow":["GET"]}}],"collection":[{"href":"https:\/\/dojo-kushanku.fr\/index.php?rest_route=\/wp\/v2\/pages"}],"about":[{"href":"https:\/\/dojo-kushanku.fr\/index.php?rest_route=\/wp\/v2\/types\/page"}],"author":[{"embeddable":true,"href":"https:\/\/dojo-kushanku.fr\/index.php?rest_route=\/wp\/v2\/users\/1"}],"replies":[{"embeddable":true,"href":"https:\/\/dojo-kushanku.fr\/index.php?rest_route=%2Fwp%2Fv2%2Fcomments&post=53"}],"version-history":[{"count":42,"href":"https:\/\/dojo-kushanku.fr\/index.php?rest_route=\/wp\/v2\/pages\/53\/revisions"}],"predecessor-version":[{"id":524,"href":"https:\/\/dojo-kushanku.fr\/index.php?rest_route=\/wp\/v2\/pages\/53\/revisions\/524"}],"wp:featuredmedia":[{"embeddable":true,"href":"https:\/\/dojo-kushanku.fr\/index.php?rest_route=\/wp\/v2\/media\/108"}],"wp:attachment":[{"href":"https:\/\/dojo-kushanku.fr\/index.php?rest_route=%2Fwp%2Fv2%2Fmedia&parent=53"}],"curies":[{"name":"wp","href":"https:\/\/api.w.org\/{rel}","templated":true}]}}